{"id":1470,"date":"2026-01-15T17:49:29","date_gmt":"2026-01-15T17:49:29","guid":{"rendered":"https:\/\/www.caeliops.fr\/?page_id=1470"},"modified":"2026-02-11T06:39:00","modified_gmt":"2026-02-11T06:39:00","slug":"formations","status":"publish","type":"page","link":"https:\/\/www.caeliops.fr\/index.php\/formations\/","title":{"rendered":"Formations"},"content":{"rendered":"\n<p>La principale offre de formation est centr\u00e9e sur la s\u00fbret\u00e9. Elle est compl\u00e9t\u00e9e par des propositions plus sp\u00e9cifiques et personnalis\u00e9es dans les domaines pour lesquels mon approche ou mon exp\u00e9rience peuvent vous \u00eatre utiles, n&rsquo;h\u00e9sitez pas \u00e0 consulter <a href=\"http:\/\/www.linkedin.com\/in\/rboismoreau\" data-type=\"link\" data-id=\"www.linkedin.com\/in\/rboismoreau\">mon profil LinkedIn<\/a>.<\/p>\n\n\n\n<p><strong>Formations \u2013 La s\u00fbret\u00e9 pens\u00e9e comme actif strat\u00e9gique<\/strong><\/p>\n\n\n\n<p>Les formations CAELIOPS s\u2019adressent aux dirigeants, cadres et responsables s\u00fbret\u00e9 confront\u00e9s \u00e0 des environnements complexes, o\u00f9 la ma\u00eetrise des risques, la prise de d\u00e9cision et la capacit\u00e9 \u00e0 agir sous contrainte sont d\u00e9terminantes.<\/p>\n\n\n\n<p>Elles visent un objectif clair : <strong>\u00e9lever le niveau de compr\u00e9hension strat\u00e9gique de la s\u00fbret\u00e9<\/strong>, renforcer la capacit\u00e9 d\u2019anticipation et outiller les acteurs pour d\u00e9cider et agir efficacement.<\/p>\n\n\n\n<p><strong>Pack formation \u2013 3 jours<\/strong><\/p>\n\n\n\n<p><strong>La s\u00fbret\u00e9 pens\u00e9e comme actif strat\u00e9gique<\/strong><\/p>\n\n\n\n<p>Ce pack de formation approfondi combine apports conceptuels, retours d\u2019exp\u00e9rience et <strong>jeux professionnels<\/strong>, afin de favoriser l\u2019appropriation et la mise en pratique.<\/p>\n\n\n\n<p>Il couvre notamment :<\/p>\n\n\n\n<ul class=\"wp-block-list\">\n<li>les fondamentaux entre s\u00fbret\u00e9 et strat\u00e9gie ;<\/li>\n\n\n\n<li>l\u2019analyse de la malveillance et des logiques criminelles ;<\/li>\n\n\n\n<li>la protection des actifs et des personnes ;<\/li>\n\n\n\n<li>la performance de la fonction s\u00fbret\u00e9 ;<\/li>\n\n\n\n<li>l\u2019\u00e9laboration d\u2019une feuille de route op\u00e9rationnelle ;<\/li>\n\n\n\n<li>les enjeux de conformit\u00e9 et de certification ;<\/li>\n\n\n\n<li>l\u2019impact de l\u2019IA sur les menaces et sur les m\u00e9tiers de la s\u00fbret\u00e9.<\/li>\n<\/ul>\n\n\n\n<p>Les jeux professionnels int\u00e9gr\u00e9s permettent de <strong>mettre les participants en situation<\/strong>, de r\u00e9v\u00e9ler les arbitrages et de confronter les choix aux contraintes r\u00e9elles.<\/p>\n\n\n\n<p><strong>Une p\u00e9dagogie orient\u00e9e d\u00e9cision et action<\/strong><\/p>\n\n\n\n<p>Les formations CAELIOPS ne visent pas l\u2019exhaustivit\u00e9 technique.<br>Elles sont con\u00e7ues pour :<\/p>\n\n\n\n<ul class=\"wp-block-list\">\n<li>clarifier les enjeux essentiels ;<\/li>\n\n\n\n<li>structurer la r\u00e9flexion strat\u00e9gique ;<\/li>\n\n\n\n<li>renforcer la capacit\u00e9 \u00e0 d\u00e9cider collectivement ;<\/li>\n\n\n\n<li>pr\u00e9parer les organisations \u00e0 la gestion de situations d\u00e9grad\u00e9es.<\/li>\n<\/ul>\n\n\n\n<p>Elles constituent un <strong>levier naturel<\/strong> vers les offres de conseil et d\u2019accompagnement du changement, lorsque les organisations souhaitent aller plus loin.<\/p>\n","protected":false},"excerpt":{"rendered":"<p>La principale offre de formation est centr\u00e9e sur la s\u00fbret\u00e9. Elle est compl\u00e9t\u00e9e par des propositions plus sp\u00e9cifiques et personnalis\u00e9es dans les domaines pour lesquels mon approche ou mon exp\u00e9rience &#8230;<\/p>\n","protected":false},"author":1,"featured_media":0,"parent":0,"menu_order":0,"comment_status":"closed","ping_status":"closed","template":"","meta":{"footnotes":""},"class_list":["post-1470","page","type-page","status-publish","hentry"],"_links":{"self":[{"href":"https:\/\/www.caeliops.fr\/index.php\/wp-json\/wp\/v2\/pages\/1470","targetHints":{"allow":["GET"]}}],"collection":[{"href":"https:\/\/www.caeliops.fr\/index.php\/wp-json\/wp\/v2\/pages"}],"about":[{"href":"https:\/\/www.caeliops.fr\/index.php\/wp-json\/wp\/v2\/types\/page"}],"author":[{"embeddable":true,"href":"https:\/\/www.caeliops.fr\/index.php\/wp-json\/wp\/v2\/users\/1"}],"replies":[{"embeddable":true,"href":"https:\/\/www.caeliops.fr\/index.php\/wp-json\/wp\/v2\/comments?post=1470"}],"version-history":[{"count":3,"href":"https:\/\/www.caeliops.fr\/index.php\/wp-json\/wp\/v2\/pages\/1470\/revisions"}],"predecessor-version":[{"id":1668,"href":"https:\/\/www.caeliops.fr\/index.php\/wp-json\/wp\/v2\/pages\/1470\/revisions\/1668"}],"wp:attachment":[{"href":"https:\/\/www.caeliops.fr\/index.php\/wp-json\/wp\/v2\/media?parent=1470"}],"curies":[{"name":"wp","href":"https:\/\/api.w.org\/{rel}","templated":true}]}}