{"id":1479,"date":"2026-01-15T18:05:52","date_gmt":"2026-01-15T18:05:52","guid":{"rendered":"https:\/\/www.caeliops.fr\/?page_id=1479"},"modified":"2026-02-11T06:50:59","modified_gmt":"2026-02-11T06:50:59","slug":"conferences","status":"publish","type":"page","link":"https:\/\/www.caeliops.fr\/index.php\/conferences\/","title":{"rendered":"Conf\u00e9rences"},"content":{"rendered":"\n<p><strong>Conf\u00e9rence de sensibilisation<\/strong><\/p>\n\n\n\n<p>La principale offre de conf\u00e9rences est centr\u00e9e sur la s\u00fbret\u00e9. Elle est compl\u00e9t\u00e9e par des propositions plus sp\u00e9cifiques et personnalis\u00e9es dans les domaines pour lesquels mon approche ou mon exp\u00e9rience peuvent vous \u00eatre utiles, n\u2019h\u00e9sitez pas \u00e0 consulter\u00a0<a href=\"http:\/\/www.linkedin.com\/in\/rboismoreau\">mon profil LinkedIn<\/a>.<\/p>\n\n\n\n<p><strong>La s\u00fbret\u00e9 pens\u00e9e comme actif strat\u00e9gique<\/strong><\/p>\n\n\n\n<p>Cette conf\u00e9rence propose une <strong>lecture structur\u00e9e et accessible<\/strong> des enjeux contemporains de la s\u00fbret\u00e9, en lien direct avec la performance et la gouvernance des organisations.<\/p>\n\n\n\n<p>Elle aborde notamment :<\/p>\n\n\n\n<ul class=\"wp-block-list\">\n<li>les liens entre s\u00fbret\u00e9 et strat\u00e9gie ;<\/li>\n\n\n\n<li>la r\u00e9alit\u00e9 des menaces et de la malveillance ;<\/li>\n\n\n\n<li>la place de la s\u00fbret\u00e9 dans l\u2019organisation ;<\/li>\n\n\n\n<li>les facteurs cl\u00e9s de performance ;<\/li>\n\n\n\n<li>les apports et les limites de l\u2019intelligence artificielle ;<\/li>\n\n\n\n<li>les enjeux \u00e9mergents.<\/li>\n<\/ul>\n\n\n\n<p>Format court, interactif, con\u00e7u pour <strong>ouvrir le d\u00e9bat<\/strong>, aligner les repr\u00e9sentations et poser un socle commun de compr\u00e9hension.<\/p>\n","protected":false},"excerpt":{"rendered":"<p>Conf\u00e9rence de sensibilisation La principale offre de conf\u00e9rences est centr\u00e9e sur la s\u00fbret\u00e9. Elle est compl\u00e9t\u00e9e par des propositions plus sp\u00e9cifiques et personnalis\u00e9es dans les domaines pour lesquels mon approche &#8230;<\/p>\n","protected":false},"author":1,"featured_media":0,"parent":0,"menu_order":0,"comment_status":"closed","ping_status":"closed","template":"","meta":{"footnotes":""},"class_list":["post-1479","page","type-page","status-publish","hentry"],"_links":{"self":[{"href":"https:\/\/www.caeliops.fr\/index.php\/wp-json\/wp\/v2\/pages\/1479","targetHints":{"allow":["GET"]}}],"collection":[{"href":"https:\/\/www.caeliops.fr\/index.php\/wp-json\/wp\/v2\/pages"}],"about":[{"href":"https:\/\/www.caeliops.fr\/index.php\/wp-json\/wp\/v2\/types\/page"}],"author":[{"embeddable":true,"href":"https:\/\/www.caeliops.fr\/index.php\/wp-json\/wp\/v2\/users\/1"}],"replies":[{"embeddable":true,"href":"https:\/\/www.caeliops.fr\/index.php\/wp-json\/wp\/v2\/comments?post=1479"}],"version-history":[{"count":3,"href":"https:\/\/www.caeliops.fr\/index.php\/wp-json\/wp\/v2\/pages\/1479\/revisions"}],"predecessor-version":[{"id":1671,"href":"https:\/\/www.caeliops.fr\/index.php\/wp-json\/wp\/v2\/pages\/1479\/revisions\/1671"}],"wp:attachment":[{"href":"https:\/\/www.caeliops.fr\/index.php\/wp-json\/wp\/v2\/media?parent=1479"}],"curies":[{"name":"wp","href":"https:\/\/api.w.org\/{rel}","templated":true}]}}